27
What are the prime factors of 44453276?
2, 7, 1587617
List the prime factors of 1866446840.
2, 5, 97, 481043
What are the prime factors of 2724108346?
2, 653, 2085841
What are the prime factors of 776255?
5, 155251
List the prime factors of 641531870.
2, 5, 7, 23, 398467
What are the prime factors of 898078611?
3, 299359537
What are the prime factors of 81669493?
81669493
What are the prime factors of 171313146?
2, 3, 1399, 6803
List the prime factors of 2524685992.
2, 59, 2137, 2503
What are the prime factors of 13889080?
2, 5, 347227
What are the prime factors of 20730940?
2, 5, 29, 31, 1153
List the prime factors of 71303350.
2, 5, 1426067
List the prime factors of 93595518.
2, 3, 47, 317, 349
List the prime factors of 16819735.
5, 179, 18793
List the prime factors of 17165112.
2, 3, 293, 2441
What are the prime factors of 26031544?
2, 7, 11, 6037
List the prime factors of 129504007.
23, 677, 8317
List the prime factors of 235673114.
2, 117836557
List the prime factors of 4254823297.
43, 557, 177647
What are the prime factors of 128418572?
2, 163, 196961
List the prime factors of 1253076050.
2, 5, 25061521
What are the prime factors of 3588758?
2, 19, 94441
List the prime factors of 1811453963.
11, 79, 257, 8111
What are the prime factors of 717578728?
2, 9421, 9521
List the prime factors of 10381367.
479, 21673
What are the prime factors of 107827434?
2, 3, 11, 13, 163, 257
List the prime factors of 10073077.
7, 241, 853
List the prime factors of 1153030376.
2, 144128797
List the prime factors of 47426883.
3, 7, 227, 9949
List the prime factors of 32105440.
2, 5, 19, 59, 179
List the prime factors of 51846899.
13, 23, 59, 2939
List the prime factors of 1076827742.
2, 538413871
What are the prime factors of 259531412?
2, 7, 19, 71, 6871
List the prime factors of 2670392064.
2, 3, 1063, 3271
List the prime factors of 134954434.
2, 67477217
What are the prime factors of 5638962790?
2, 5, 563896279
What are the prime factors of 886429511?
11, 59, 431, 3169
List the prime factors of 1143774708.
2, 3, 59, 1615501
List the prime factors of 2860600100.
2, 5, 19, 79241
List the prime factors of 1771372.
2, 442843
What are the prime factors of 75047475?
3, 5, 127, 7879
List the prime factors of 216370482.
2, 3, 101, 357047
List the prime factors of 672513773.
67, 10037519
What are the prime factors of 814526859?
3, 449, 604697
List the prime factors of 79402127.
7, 11343161
What are the prime factors of 14530482?
2, 3, 41, 6563
What are the prime factors of 931764785?
5, 7, 26621851
List the prime factors of 578638420.
2, 5, 28931921
What are the prime factors of 370705873?
47, 7887359
What are the prime factors of 83404917?
3, 479, 6449
What are the prime factors of 6459420762?
2, 3, 119618903
List the prime factors of 6885782971.
6885782971
List the prime factors of 1276001892.
2, 3, 11, 281, 11467
List the prime factors of 127434535.
5, 25486907
List the prime factors of 164928028.
2, 41232007
List the prime factors of 197584535.
5, 41, 269, 3583
What are the prime factors of 76467548?
2, 23, 29, 28661
What are the prime factors of 28516899?
3, 37, 199, 1291
What are the prime factors of 5774287328?
2, 61, 2958139
List the prime factors of 6696955242.
2, 3, 372053069
List the prime factors of 62536336.
2, 17, 223, 1031
What are the prime factors of 2959198783?
883, 3351301
What are the prime factors of 262230384?
2, 3, 13, 420241
List the prime factors of 31057497.
3, 1091, 3163
What are the prime factors of 5530783024?
2, 13, 29, 916907
List the prime factors of 1234385315.
5, 59, 4184357
List the prime factors of 65874707.
53, 643, 1933
What are the prime factors of 94247742?
2, 3, 557, 28201
List the prime factors of 556079749.
107, 1063, 4889
What are the prime factors of 114425295?
3, 5, 149, 51197
List the prime factors of 26406425.
5, 547, 1931
What are the prime factors of 177100739?
191, 927229
What are the prime factors of 275454222?
2, 3, 4019, 11423
What are the prime factors of 359844777?
3, 39982753
List the prime factors of 426272282.
2, 213136141
What are the prime factors of 334330973?
19, 17596367
What are the prime factors of 3923566202?
2, 1961783101
What are the prime factors of 1464530477?
1464530477
What are the prime factors of 2070941361?
3, 43, 16053809
What are the prime factors of 25512332?
2, 41, 73, 2131
What are the prime factors of 3252636701?
23, 141418987
What are the prime factors of 1568011945?
5, 233, 1345933
What are the prime factors of 1518708506?
2, 7, 108479179
List the prime factors of 138397570.
2, 5, 29, 131, 3643
List the prime factors of 711228508.
2, 4129, 43063
List the prime factors of 80519030.
2, 5, 37, 217619
What are the prime factors of 66683436?
2, 3, 103, 53951
List the prime factors of 812506773.
3, 13, 211, 98737
List the prime factors of 1444293953.
1444293953
What are the prime factors of 46249965?
3, 5, 1027777
What are the prime factors of 27960093?
3, 7, 147937
What are the prime factors of 28179410?
2, 5, 7, 131, 439
List the prime factors of 2081780360.
2, 5, 11, 4731319
List the prime factors of 796171279.
12821, 62099
List the prime factors of 1517930762.
2, 24043, 31567
List the prime factors of 51574277.
17, 3033781
What are the prime factors of 721155472?
2, 45072217
List the prime factors of 304001808.
2, 3, 11, 181, 3181
List the prime factors of 384427167.
3, 181, 707969
What are the prime factors of 40983710?
2, 5, 4098371
What are the prime factors of 252818944?
2, 7, 23, 3067
List the prime factors of 5274606526.
2, 7, 376757609
List the prime factors of 340212678.
2, 3, 13, 1889, 2309
What are the prime factors of 627073472?
2, 23, 43, 9907
What are the prime factors of 321815606?
2, 7, 67, 343087
List the prime factors of 80544216.
2, 3, 331, 10139
List the prime factors of 660615964.
2, 165153991
What are the prime factors of 23903522?
2, 11951761
List the prime factors of 5820922.
2, 2910461
What are the prime factors of 90633156?
2, 3, 23, 328381
What are the prime factors of 171738176?
2, 41, 65449
List the prime factors of 9670846396.
2, 2417711599
List the prime factors of 34507127.
17, 2029831
What are the prime factors of 924897106?
2, 7, 41, 1611319
List the prime factors of 1749789684.
2, 3, 48605269
List the prime factors of 12832132.
2, 83, 38651
What are the prime factors of 69414769?
69414769
List the prime factors of 840308014.
2, 7, 13, 4617077
What are the prime factors of 31072680?
2, 3, 5, 28771
List the prime factors of 790737869.
790737869
List the prime factors of 69501211.
13, 5346247
What are the prime factors of 2643713802?
2, 3, 293, 55697
What are the prime factors of 75324244?
2, 137, 137453
What are the prime factors of 48325978?
2, 24162989
What are the prime factors of 1914142997?
13, 147241769
List the prime factors of 15093848.
2, 7, 11, 107, 229
List the prime factors of 1758044960.
2, 5, 7, 29, 113, 479
What are the prime factors of 445645597?
445645597
List the prime factors of 24346526.
2, 12173263
What are the prime factors of 86055925?
5, 41, 59, 1423
List the prime factors of 154450459.
379, 407521
List the prime factors of 21469741.
23, 47, 19861
What are the prime factors of 94598143?
31, 3051553
What are the prime factors of 102653413?
4451, 23063
List the prime factors of 199123599.
3, 29, 241, 9497
What are the prime factors of 23817226?
2, 11908613
List the prime factors of 958085516.
2, 23, 10413973
List the prime factors of 38768426.
2, 19384213
List the prime factors of 71135598.
2, 3, 11855933
What are the prime factors of 18793283?
18793283
What are the prime factors of 1088191211?
1088191211
List the prime factors of 16756638.
2, 3, 2792773
What are the prime factors of 399476795?
5, 17, 4699727
What are the prime factors of 128337583?
11, 3323, 3511
What are the prime factors of 1383379116?
2, 3, 7, 16468799
What are the prime factors of 5472173891?
443, 1877, 6581
List the prime factors of 1584130128.
2, 3, 7, 151, 31223
What are the prime factors of 112226347?
479, 234293
List the prime factors of 8241096.
2, 3, 343379
List the prime factors of 3580687076.
2, 895171769
What are the prime factors of 70744104?
2, 3, 151, 241
What are the prime factors of 78571017?
3, 7, 37, 911
What are the prime factors of 1